 of (-2 - 76/(-8))*4?
3
Let r(q) = 2*q**2 + 4*q + 4. Let u(j) = j - 1. Let h be u(-2). Let t be r(h). What is the units digit of (-4)/t - 148/(-20)?
7
Suppose 0 = 11*i - 15*i + 244. What is the units digit of i?
1
Suppose -3*v + 192 = -324. What is the tens digit of v?
7
Suppose -h + 6 - 1 = 0. Suppose -h*b + 16 = -54. What is the tens digit of b?
1
Let m(s) = s**2 - 4*s + 3. Let y be m(4). Suppose -y*p + 0*p = -36. What is the tens digit of p?
1
Let x = 111 + -75. What is the units digit of x?
6
Let k = 4 + 71. What is the tens digit of k?
7
Let y = 11 + 26. What is the tens digit of y?
3
Let h be 4/(3/(-3))*2. Let d = -4 - h. Suppose -33 + 5 = -d*a. What is the units digit of a?
7
Suppose 5 = -0*y + 5*y. Let u(r) = -r**2 - 7*r - 2 - 3*r - y. What is the units digit of u(-9)?
6
Let r = 136 - -29. What is the hundreds digit of r?
1
Suppose 3*k - 114 = 81. What is the tens digit of k?
6
Let j = -7 + 8. What is the units digit of j + 5 + (-12)/(-4)?
9
Let u = 174 + -22. What is the tens digit of u?
5
Suppose -z = -5 + 1. Suppose -3*k = z*g - 24, 3*g = 3*k - 1 - 2. What is the units digit of g?
3
Let c(p) be the first derivative of -p**2/2 - 4. What is the units digit of c(-6)?
6
Let i = 3 + -3. Suppose i = m - 6 - 0. What is the units digit of m?
6
Suppose 4*s + 7*b - 3*b - 20 = 0, -4*s + 2*b - 10 = 0. Suppose s = -3*y - 0 - 3. What is the units digit of y + 9 + -1 + -1?
6
Let p(m) = 2*m**2 + 5*m - 12. What is the units digit of p(4)?
0
Suppose z - 4*x = 9, -5*z + 0*z + 81 = -2*x. What is the units digit of z?
7
Let l(d) be the second derivative of 10*d**3/3 - d**2/2 + d. Let k be l(2). Suppose -4*g + 36 = -2*g + 4*o, k = 3*g + 3*o. What is the units digit of g?
8
Let k = 2 + 4. Suppose -d - 8 = -3*w - w, 5*w + 15 = -5*d. Let p = d + k. What is the units digit of p?
2
What is the hundreds digit of (-54)/(11*3/(-24) - -1)?
1
Let s(x) = -3*x**2 + 49*x - 22. What is the units digit of s(15)?
8
Suppose -4*w = -m - 74, 3*m + 0*m = -w + 12. What is the units digit of w?
8
Let z(n) = -3*n**2 + 4*n + 2. Let b be z(4). Suppose -l = 11*l + 192. Let s = l - b. What is the tens digit of s?
1
Let m be 6*(21/6 - 2). Let z = m + -6. Suppose -g - z = -2*g. What is the units digit of g?
3
Let w(b) = b**3 + 5*b**2 - 3*b - 1. Let k(l) = -l**2 - 2*l - 1. Let n be k(-3). What is the units digit of w(n)?
7
Suppose 5*i - 11 = 9. Suppose 5*r = -i*m + 129, -36 = -m - 6*r + r. What is the units digit of m?
1
Suppose -3*l = -6 - 9. Suppose -3*x - l + 62 = 0. What is the tens digit of x?
1
Suppose t + n - 6*n - 145 = 0, -5*t - 3*n = -585. What is the tens digit of t?
2
Let h(m) = 3*m - 18. Let a be h(6). Suppose u + a*u - 11 = 0. What is the tens digit of u?
1
Let x(y) = -2 - 3*y + 4*y + 3*y + 0*y. What is the tens digit of x(6)?
2
Suppose -4*c = -4*u + 432, 0*u - 3*u + 296 = 4*c. What is the units digit of u?
4
Suppose 2*n - 5 = -3*y, 4*n + 2*y = -0*y + 6. What is the units digit of (3/9 + n)*3?
4
Let h(a) be the third derivative of -a**4/6 + 13*a**3/6 + a**2. Let g(y) = -7*y + 25. Let s(z) = 3*g(z) - 5*h(z). What is the units digit of s(9)?
1
Suppose 0*i - 3*i = 2*y + 34, -2*i - 5*y - 41 = 0. Let a be ((-12)/16)/(1/i). Suppose -5*w + a = -0*g + g, -5*g - w + 6 = 0. What is the units digit of g?
1
Let c = -4 + 4. Suppose -3*z + 0*z + 9 = c. Suppose a = z*a - 16. What is the units digit of a?
8
Suppose -5*x - 170 = -0*x. Let h = -10 - x. Let a = 37 - h. What is the tens digit of a?
1
Let s(x) = 2*x**2 + 8*x + 6. What is the units digit of s(-5)?
6
Let y be 8/(-12) + (-20)/(-3). Suppose 2*v - 4*v = -y. What is the units digit of v?
3
Suppose 165 = -2*z + 7*z. Suppose -2*u = u - z. What is the tens digit of u?
1
Suppose -p = -5*p - 5*l + 232, 5*p = 3*l + 253. What is the units digit of p?
3
Let j = 1 + 4. Suppose -4 = -2*t - 12. Let i = j + t. What is the units digit of i?
1
Suppose -3 = -t, 4*v - 2*t - t + 37 = 0. Let c = 10 + v. Suppose -4*s + 5*z = 7, -4*s + 4 + 13 = c*z. What is the units digit of s?
2
Let b(y) = -4*y. Let s be b(-1). Suppose -7*j + s*j + 21 = 0. What is the units digit of j?
7
Let r(j) be the first derivative of 2*j**3/3 - 4*j**2 - 5*j - 3. What is the units digit of r(6)?
9
Suppose 27 = -3*x - 2*s - 2*s, -4*s + 45 = -5*x. Let n be 4/(-6) - 6/x. Suppose -k - 4*k + 5 = n. What is the units digit of k?
1
Let y = 140 - 79. What is the tens digit of y?
6
Let b(z) = z**3 + 4*z**2 + 3*z + 5. Suppose -5*t - 4 - 16 = 0. Let c be b(t). What is the units digit of (-1 + -1)/(2/c)?
7
Suppose 3*p - 105 = -3*o + 366, 5*o + 592 = 4*p. What is the hundreds digit of p?
1
Let q(d) be the third derivative of -d**4/24 + 7*d**3/6 - 4*d**2. Let w be q(5). What is the units digit of (-1)/(-3)*3*w?
2
Let d(n) be the second derivative of n**5/20 - n**4/3 - 4*n**3/3 + 3*n**2/2 + n. Let h be d(6). Suppose 3*r - h = -9. What is the units digit of r?
6
Let j = -3 - -5. Suppose j*x = -5 + 13. What is the units digit of x?
4
Suppose -2 = -v, 2*u - 2*v - 306 = -6*v. What is the tens digit of u?
4
Let n(u) = -u - 7. Let x be n(4). Let r = x + 22. What is the units digit of r?
1
Let j(k) = 3*k + 1. Let t be j(-2). Let i = t + 11. What is the tens digit of ((-2)/i)/(2/(-126))?
2
Suppose -76 = -8*r + 10*r. Let o = -21 - r. What is the tens digit of o?
1
Suppose 2*t - 2*n + 4*n = -4, 0 = n - 2. Let y be t/(-10) - (-32)/20. Let d(g) = 4*g**2 + 2*g - 1. What is the units digit of d(y)?
9
Suppose 5*t - 3 = 2. Let k = 11 - 8. What is the units digit of t + 13 + (k - 2)?
5
Let x(a) = -a**3 + 27*a**2 + 3*a - 14. What is the units digit of x(27)?
7
Let s = -26 - -56. What is the tens digit of s?
3
Suppose -3*i + 30 = -4*b + b, 32 = -4*b - 4*i. Let z = 1 - b. What is the units digit of z?
0
Let w = -90 - -138. What is the units digit of w?
8
Let p(k) be the first derivative of k**6/360 - k**5/120 - k**4/24 - k**3/3 + 3. Let h(q) be the third derivative of p(q). What is the units digit of h(3)?
5
Let n = 6 - 4. Let l(g) = -2*g + 4*g + 2 - g**n + 5*g. What is the units digit of l(6)?
8
Let z = -18 + 5. Let h = z - -19. Let m = 12 - h. What is the units digit of m?
6
Let z = 6 + 0. Suppose -4 - z = -5*h. What is the units digit of h?
2
Suppose -2*q = -5*k, -2*q - 3*k + 8 = -6*k. Let a be ((-2)/(-1))/(-2) - -4. Suppose 0 = -a*p + 35 + q. What is the tens digit of p?
1
Let n = 12 + -7. Suppose 5*z = n + 5. Suppose -36 = -5*u + 4*d, 2 = -3*u - 4*d - z. What is the units digit of u?
4
Let y be 14 - -7 - 6/(-2). What is the units digit of (-103)/(-2) + (-36)/y?
0
Suppose 24*k = 29*k - 10. Suppose -2*u + 15 = -5*t + k*u, 2*t - 2*u + 8 = 0. What is the units digit of t?
1
Suppose 3*w - 5 = -5*b + 3, -4*b = -4. Let k be (0 + 1)*(w + -7). Let u = -5 - k. What is the units digit of u?
1
Suppose 4*a = 3*a + 55. Suppose -a = 4*c + 13. Let i = -3 - c. What is the units digit of i?
4
Let i be -7 - -11 - (0 + -1). Suppose -6*g = -i*g - 13. What is the units digit of g?
3
What is the hundreds digit of -4*(-6)/(-16)*(2 + -138)?
2
Suppose 0 = -5*c, -2*a - 2*c - 1 = -33. What is the tens digit of a/6*(-18)/(-4)?
1
Suppose 116 = 3*h - 6*l + l, 2*h - 5*l = 74. What is the units digit of h?
2
Let i(u) = u**2 - 8*u - 1. Let q be i(8). Let h = -8 + 4. Let k = q - h. What is the units digit of k?
3
Suppose 4*c = 5 + 55. What is the units digit of c?
5
Let x(d) = d + 8. Let n be x(-6). Let z = 14 - n. What is the tens digit of z?
1
Let m be (-8)/6*6/4. Let l = 3 + m. What is the units digit of l?
1
Let x = 37 - 26. What is the units digit of x?
1
Suppose 4*y = 3*i - 18 - 95, -2*i - y + 79 = 0. What is the tens digit of i?
3
Suppose -2*y = -u - 4*u + 240, -3*u + 4*y = -130. What is the tens digit of u?
5
Let v be -2 - (980/2 - 2). What is the units digit of (-4)/(-18) + v/(-63)?
8
Let h(n) = n**3 - 4*n**2 - 8*n - 4. Suppose -4*g + 9 = w + 4*w, -g - 2*w = 0. What is the units digit of h(g)?
0
Let d(y) be the third derivative of -y**6/120 + y**5/4 + y**4/12 - 4*y**3/3 - 4*y**2. What is the units digit of d(15)?
2
Suppose -2*y + 187 = -403. What is the tens digit of y?
9
Let g(i) = 2*i**3 - 3 - 4*i**2 + 3*i - 2*i - i**3 + 2*i. What is the units digit of g(4)?
9
Let y be ((-16)/(-5))/(2/5). Suppose -v + y = -0*v. What is the units digit of v?
8
Let y = 53 + -8. Suppose 5*i - y = -5. What is the units digit of i?
8
Let m(a) = 